{"id":414,"date":"2023-02-08T13:23:12","date_gmt":"2023-02-08T12:23:12","guid":{"rendered":"https:\/\/guillaumetendron.com\/?page_id=414"},"modified":"2023-02-08T13:46:44","modified_gmt":"2023-02-08T12:46:44","slug":"mentions-legales","status":"publish","type":"page","link":"https:\/\/guillaumetendron.com\/index.php\/mentions-legales\/","title":{"rendered":"Mentions L\u00e9gales"},"content":{"rendered":"\t\t<div data-elementor-type=\"wp-page\" data-elementor-id=\"414\" class=\"elementor elementor-414\">\n\t\t\t\t\t\t\t\t\t<section class=\"elementor-section elementor-top-section elementor-element elementor-element-33be9f2a elementor-section-boxed elementor-section-height-default elementor-section-height-default\" data-id=\"33be9f2a\" data-element_type=\"section\">\n\t\t\t\t\t\t<div class=\"elementor-container elementor-column-gap-default\">\n\t\t\t\t\t<div class=\"elementor-column elementor-col-100 elementor-top-column elementor-element elementor-element-19bda6be\" data-id=\"19bda6be\" data-element_type=\"column\">\n\t\t\t<div class=\"elementor-widget-wrap elementor-element-populated\">\n\t\t\t\t\t\t\t\t<div class=\"elementor-element elementor-element-56d1057a elementor-widget elementor-widget-text-editor\" data-id=\"56d1057a\" data-element_type=\"widget\" data-widget_type=\"text-editor.default\">\n\t\t\t\t<div class=\"elementor-widget-container\">\n\t\t\t<style>\/*! elementor - v3.10.2 - 29-01-2023 *\/\n.elementor-widget-text-editor.elementor-drop-cap-view-stacked .elementor-drop-cap{background-color:#818a91;color:#fff}.elementor-widget-text-editor.elementor-drop-cap-view-framed .elementor-drop-cap{color:#818a91;border:3px solid;background-color:transparent}.elementor-widget-text-editor:not(.elementor-drop-cap-view-default) .elementor-drop-cap{margin-top:8px}.elementor-widget-text-editor:not(.elementor-drop-cap-view-default) .elementor-drop-cap-letter{width:1em;height:1em}.elementor-widget-text-editor .elementor-drop-cap{float:left;text-align:center;line-height:1;font-size:50px}.elementor-widget-text-editor .elementor-drop-cap-letter{display:inline-block}<\/style>\t\t\t\t<p><!-- wp:heading --><\/p>\n<p>Conform\u00e9ment aux dispositions des Articles 6-III et 19 de la Loi n\u00b02004-575 du 21 juin 2004 pour la<br>Confiance dans l\u2019\u00e9conomie num\u00e9rique, dite L.C.E.N., il est port\u00e9 \u00e0 la connaissance des utilisateurs et<br>visiteurs, ci-apr\u00e8s l\u00a0\u00bb\u00a0\u00bbUtilisateur\u00a0\u00bb, du site guillaumetendron.com , ci-apr\u00e8s le \u00ab\u00a0Site\u00a0\u00bb, les pr\u00e9sentes<br>mentions l\u00e9gales.<br>La connexion et la navigation sur le Site par l\u2019Utilisateur implique acceptation int\u00e9grale et sans r\u00e9serve<br>des pr\u00e9sentes mentions l\u00e9gales.<br>Ces derni\u00e8res sont accessibles sur le Site \u00e0 la rubrique \u00ab Mentions l\u00e9gales \u00bb.<\/p>\n<p><!-- \/wp:paragraph --><!-- wp:heading --><\/p>\n<h4>ARTICLE 1 &#8211; L&rsquo;EDITEUR<\/h4>\n<p><!-- \/wp:heading --><!-- wp:paragraph --><\/p>\n<p>L\u2019\u00e9dition et la direction de la publication du Site est assur\u00e9e par Guillaume Tendron, domicili\u00e9e 3 rue<br>du march\u00e9 14480 Banville, dont le num\u00e9ro de t\u00e9l\u00e9phone est +33621963028, et l&rsquo;adresse e-mail<br>contact@guillaumetendron.com et Jesus Salmeron Rodriguez, domicili\u00e9e 27 rue Rabelais &#8211; 14440 Douvres la Delivrande, dont le num\u00e9ro de t\u00e9l\u00e9phone est +33781315969, et l&rsquo;adresse e-mail<br>contact@jesussalmeron.com , ci-apr\u00e8s l'\u00a0\u00bbEditeur\u00a0\u00bb<\/p>\n<p><!-- \/wp:paragraph --><!-- wp:heading --><\/p>\n<h4>ARTICLE 2 &#8211; L&rsquo;HEBERGEUR<\/h4>\n<p><!-- \/wp:heading --><!-- wp:paragraph --><\/p>\n<p>L&rsquo;h\u00e9bergeur du Site est la soci\u00e9t\u00e9 OVH, dont le si\u00e8ge social est situ\u00e9 au 2 rue Kellermann &#8211; 59100<br>Roubaix &#8211; France , avec le num\u00e9ro de t\u00e9l\u00e9phone : 1007 et l&rsquo;adresse mail de contact : cil@ovh.net<\/p>\n<p><!-- \/wp:paragraph --><!-- wp:heading --><\/p>\n<h4>ARTICLE 3 &#8211; ACCES AU SITE<\/h4>\n<p><!-- \/wp:heading --><!-- wp:paragraph --><\/p>\n<p>Le Site est accessible en tout endroit, 7j\/7, 24h\/24 sauf cas de force majeure, interruption<br>programm\u00e9e ou non et pouvant d\u00e9coulant d\u2019une n\u00e9cessit\u00e9 de maintenance.<br>En cas de modification, interruption ou suspension du Site, l&rsquo;Editeur ne saurait \u00eatre tenu responsable.<\/p>\n<p><!-- \/wp:paragraph --><!-- wp:heading --><\/p>\n<h4>ARTICLE 4 &#8211; COLLECTE DES DONNEES<\/h4>\n<p><!-- \/wp:heading --><!-- wp:paragraph --><\/p>\n<p>Le Site assure \u00e0 l&rsquo;Utilisateur une collecte et un traitement d&rsquo;informations personnelles dans le respect<br>de la vie priv\u00e9e conform\u00e9ment \u00e0 la loi n\u00b078-17 du 6 janvier 1978 relative \u00e0 l&rsquo;informatique, aux fichiers<br>et aux libert\u00e9s.<br>En vertu de la loi Informatique et Libert\u00e9s, en date du 6 janvier 1978, l&rsquo;Utilisateur dispose d&rsquo;un droit<br>d&rsquo;acc\u00e8s, de rectification, de suppression et d&rsquo;opposition de ses donn\u00e9es personnelles. L&rsquo;Utilisateur<br>exerce ce droit :<br>\u00b7 par mail \u00e0 l&rsquo;adresse email contact@guillaumetendron.com<\/p>\n<p>\u00b7 par voie postale au 3 rue du march\u00e9 14480 Banville France ;<br>Toute utilisation, reproduction, diffusion, commercialisation, modification de toute ou partie du Site,<br>sans autorisation de l\u2019Editeur est prohib\u00e9e et pourra entra\u00een\u00e9e des actions et poursuites judiciaires<br>telles que notamment pr\u00e9vues par le Code de la propri\u00e9t\u00e9 intellectuelle et le Code civil.<\/p>\n<p><!-- \/wp:paragraph --><\/p>\t\t\t\t\t\t<\/div>\n\t\t\t\t<\/div>\n\t\t\t\t\t<\/div>\n\t\t<\/div>\n\t\t\t\t\t\t\t<\/div>\n\t\t<\/section>\n\t\t\t\t\t\t\t<\/div>\n\t\t","protected":false},"excerpt":{"rendered":"<p>Conform\u00e9ment aux dispositions des Articles 6-III et 19 de la Loi n\u00b02004-575 du 21 juin 2004 pour laConfiance dans l\u2019\u00e9conomie num\u00e9rique, dite L.C.E.N., il est port\u00e9 \u00e0 la connaissance des [&hellip;]<\/p>\n","protected":false},"author":2,"featured_media":0,"parent":0,"menu_order":0,"comment_status":"closed","ping_status":"closed","template":"","meta":{"inline_featured_image":false,"footnotes":""},"class_list":["post-414","page","type-page","status-publish","hentry"],"yoast_head":"<!-- This site is optimized with the Yoast SEO plugin v20.1 - https:\/\/yoast.com\/wordpress\/plugins\/seo\/ -->\n<title>Mentions L\u00e9gales - Miroir de l&#039;\u00e2me<\/title>\n<meta name=\"robots\" content=\"index, follow, max-snippet:-1, max-image-preview:large, max-video-preview:-1\" \/>\n<link rel=\"canonical\" href=\"https:\/\/guillaumetendron.com\/index.php\/mentions-legales\/\" \/>\n<meta property=\"og:locale\" content=\"fr_FR\" \/>\n<meta property=\"og:type\" content=\"article\" \/>\n<meta property=\"og:title\" content=\"Mentions L\u00e9gales - Miroir de l&#039;\u00e2me\" \/>\n<meta property=\"og:description\" content=\"Conform\u00e9ment aux dispositions des Articles 6-III et 19 de la Loi n\u00b02004-575 du 21 juin 2004 pour laConfiance dans l\u2019\u00e9conomie num\u00e9rique, dite L.C.E.N., il est port\u00e9 \u00e0 la connaissance des [&hellip;]\" \/>\n<meta property=\"og:url\" content=\"https:\/\/guillaumetendron.com\/index.php\/mentions-legales\/\" \/>\n<meta property=\"og:site_name\" content=\"Miroir de l&#039;\u00e2me\" \/>\n<meta property=\"article:modified_time\" content=\"2023-02-08T12:46:44+00:00\" \/>\n<meta name=\"twitter:card\" content=\"summary_large_image\" \/>\n<meta name=\"twitter:label1\" content=\"Dur\u00e9e de lecture estim\u00e9e\" \/>\n\t<meta name=\"twitter:data1\" content=\"2 minutes\" \/>\n<script type=\"application\/ld+json\" class=\"yoast-schema-graph\">{\"@context\":\"https:\/\/schema.org\",\"@graph\":[{\"@type\":\"WebPage\",\"@id\":\"https:\/\/guillaumetendron.com\/index.php\/mentions-legales\/\",\"url\":\"https:\/\/guillaumetendron.com\/index.php\/mentions-legales\/\",\"name\":\"Mentions L\u00e9gales - Miroir de l&#039;\u00e2me\",\"isPartOf\":{\"@id\":\"https:\/\/guillaumetendron.com\/#website\"},\"datePublished\":\"2023-02-08T12:23:12+00:00\",\"dateModified\":\"2023-02-08T12:46:44+00:00\",\"breadcrumb\":{\"@id\":\"https:\/\/guillaumetendron.com\/index.php\/mentions-legales\/#breadcrumb\"},\"inLanguage\":\"fr-FR\",\"potentialAction\":[{\"@type\":\"ReadAction\",\"target\":[\"https:\/\/guillaumetendron.com\/index.php\/mentions-legales\/\"]}]},{\"@type\":\"BreadcrumbList\",\"@id\":\"https:\/\/guillaumetendron.com\/index.php\/mentions-legales\/#breadcrumb\",\"itemListElement\":[{\"@type\":\"ListItem\",\"position\":1,\"name\":\"Accueil\",\"item\":\"https:\/\/guillaumetendron.com\/\"},{\"@type\":\"ListItem\",\"position\":2,\"name\":\"Mentions L\u00e9gales\"}]},{\"@type\":\"WebSite\",\"@id\":\"https:\/\/guillaumetendron.com\/#website\",\"url\":\"https:\/\/guillaumetendron.com\/\",\"name\":\"Miroir de l'\u00e2me\",\"description\":\"Guillaume Tendron\",\"publisher\":{\"@id\":\"https:\/\/guillaumetendron.com\/#\/schema\/person\/409b56f19a734d63038728905a3c7253\"},\"potentialAction\":[{\"@type\":\"SearchAction\",\"target\":{\"@type\":\"EntryPoint\",\"urlTemplate\":\"https:\/\/guillaumetendron.com\/?s={search_term_string}\"},\"query-input\":\"required name=search_term_string\"}],\"inLanguage\":\"fr-FR\"},{\"@type\":[\"Person\",\"Organization\"],\"@id\":\"https:\/\/guillaumetendron.com\/#\/schema\/person\/409b56f19a734d63038728905a3c7253\",\"name\":\"Guillaume Tendron\",\"image\":{\"@type\":\"ImageObject\",\"inLanguage\":\"fr-FR\",\"@id\":\"https:\/\/guillaumetendron.com\/#\/schema\/person\/image\/\",\"url\":\"https:\/\/guillaumetendron.com\/wp-content\/uploads\/2023\/02\/Plan-de-travail-2.svg\",\"contentUrl\":\"https:\/\/guillaumetendron.com\/wp-content\/uploads\/2023\/02\/Plan-de-travail-2.svg\",\"width\":445,\"height\":161,\"caption\":\"Guillaume Tendron\"},\"logo\":{\"@id\":\"https:\/\/guillaumetendron.com\/#\/schema\/person\/image\/\"},\"sameAs\":[\"http:\/\/guillaumetendron.com\"]}]}<\/script>\n<!-- \/ Yoast SEO plugin. -->","yoast_head_json":{"title":"Mentions L\u00e9gales - Miroir de l&#039;\u00e2me","robots":{"index":"index","follow":"follow","max-snippet":"max-snippet:-1","max-image-preview":"max-image-preview:large","max-video-preview":"max-video-preview:-1"},"canonical":"https:\/\/guillaumetendron.com\/index.php\/mentions-legales\/","og_locale":"fr_FR","og_type":"article","og_title":"Mentions L\u00e9gales - Miroir de l&#039;\u00e2me","og_description":"Conform\u00e9ment aux dispositions des Articles 6-III et 19 de la Loi n\u00b02004-575 du 21 juin 2004 pour laConfiance dans l\u2019\u00e9conomie num\u00e9rique, dite L.C.E.N., il est port\u00e9 \u00e0 la connaissance des [&hellip;]","og_url":"https:\/\/guillaumetendron.com\/index.php\/mentions-legales\/","og_site_name":"Miroir de l&#039;\u00e2me","article_modified_time":"2023-02-08T12:46:44+00:00","twitter_card":"summary_large_image","twitter_misc":{"Dur\u00e9e de lecture estim\u00e9e":"2 minutes"},"schema":{"@context":"https:\/\/schema.org","@graph":[{"@type":"WebPage","@id":"https:\/\/guillaumetendron.com\/index.php\/mentions-legales\/","url":"https:\/\/guillaumetendron.com\/index.php\/mentions-legales\/","name":"Mentions L\u00e9gales - Miroir de l&#039;\u00e2me","isPartOf":{"@id":"https:\/\/guillaumetendron.com\/#website"},"datePublished":"2023-02-08T12:23:12+00:00","dateModified":"2023-02-08T12:46:44+00:00","breadcrumb":{"@id":"https:\/\/guillaumetendron.com\/index.php\/mentions-legales\/#breadcrumb"},"inLanguage":"fr-FR","potentialAction":[{"@type":"ReadAction","target":["https:\/\/guillaumetendron.com\/index.php\/mentions-legales\/"]}]},{"@type":"BreadcrumbList","@id":"https:\/\/guillaumetendron.com\/index.php\/mentions-legales\/#breadcrumb","itemListElement":[{"@type":"ListItem","position":1,"name":"Accueil","item":"https:\/\/guillaumetendron.com\/"},{"@type":"ListItem","position":2,"name":"Mentions L\u00e9gales"}]},{"@type":"WebSite","@id":"https:\/\/guillaumetendron.com\/#website","url":"https:\/\/guillaumetendron.com\/","name":"Miroir de l'\u00e2me","description":"Guillaume Tendron","publisher":{"@id":"https:\/\/guillaumetendron.com\/#\/schema\/person\/409b56f19a734d63038728905a3c7253"},"potentialAction":[{"@type":"SearchAction","target":{"@type":"EntryPoint","urlTemplate":"https:\/\/guillaumetendron.com\/?s={search_term_string}"},"query-input":"required name=search_term_string"}],"inLanguage":"fr-FR"},{"@type":["Person","Organization"],"@id":"https:\/\/guillaumetendron.com\/#\/schema\/person\/409b56f19a734d63038728905a3c7253","name":"Guillaume Tendron","image":{"@type":"ImageObject","inLanguage":"fr-FR","@id":"https:\/\/guillaumetendron.com\/#\/schema\/person\/image\/","url":"https:\/\/guillaumetendron.com\/wp-content\/uploads\/2023\/02\/Plan-de-travail-2.svg","contentUrl":"https:\/\/guillaumetendron.com\/wp-content\/uploads\/2023\/02\/Plan-de-travail-2.svg","width":445,"height":161,"caption":"Guillaume Tendron"},"logo":{"@id":"https:\/\/guillaumetendron.com\/#\/schema\/person\/image\/"},"sameAs":["http:\/\/guillaumetendron.com"]}]}},"_links":{"self":[{"href":"https:\/\/guillaumetendron.com\/index.php\/wp-json\/wp\/v2\/pages\/414","targetHints":{"allow":["GET"]}}],"collection":[{"href":"https:\/\/guillaumetendron.com\/index.php\/wp-json\/wp\/v2\/pages"}],"about":[{"href":"https:\/\/guillaumetendron.com\/index.php\/wp-json\/wp\/v2\/types\/page"}],"author":[{"embeddable":true,"href":"https:\/\/guillaumetendron.com\/index.php\/wp-json\/wp\/v2\/users\/2"}],"replies":[{"embeddable":true,"href":"https:\/\/guillaumetendron.com\/index.php\/wp-json\/wp\/v2\/comments?post=414"}],"version-history":[{"count":10,"href":"https:\/\/guillaumetendron.com\/index.php\/wp-json\/wp\/v2\/pages\/414\/revisions"}],"predecessor-version":[{"id":429,"href":"https:\/\/guillaumetendron.com\/index.php\/wp-json\/wp\/v2\/pages\/414\/revisions\/429"}],"wp:attachment":[{"href":"https:\/\/guillaumetendron.com\/index.php\/wp-json\/wp\/v2\/media?parent=414"}],"curies":[{"name":"wp","href":"https:\/\/api.w.org\/{rel}","templated":true}]}}